ue of (-40 + 18 - -16) + (-1 - -8)?
1
What is the value of (-43 - 6) + 139 + -46?
44
-5 + (-10 - -1 - (-12 + 7 + -4)) + -58
-63
Evaluate (-4 - (15 + -4)) + 0 + -1.
-16
Calculate 8 + -2 - (-8 + (33 - 27)) - -3 - -26.
37
Calculate -27608 + 27675 + (-24 - (-4 + 2)).
45
What is the value of 101 - ((24 - 66) + -27 + 101)?
69
What is the value of -62 + 58 + 12 + 4 + (-119 - (4 + -3))?
-108
Calculate (-37 - (-36 - -8 - -18)) + -86.
-113
-27 + (53 - (26 - -34))
-34
What is the value of 20 - ((7 - -13) + -22) - 22?
0
76 + (9 + 15 - 43 - -21 - (-4 + 2))
80
-1 + -2 - 30 - (-447 + 424)
-10
Evaluate (-4 - 6 - -12 - -81) + -12 + (-4 - -7).
74
Evaluate 13 + 2 + (20 - 1) + 5.
39
What is the value of -14 + -14 + 39 + -1 + 21?
31
What is the value of 18 + (-1 + 29 + -43 + 33 - 24)?
12
What is -8 + (6 - 33) + -4 + -4 + 2?
-41
What is 3 + -3 + 32 - (-433 - -453)?
12
What is -106 + -11 + (-6 - (-67 + 42))?
-98
(-56 - 0) + -53 + (91 - 24)
-42
What is the value of (-44 - -70) + -22 + 49 - (-1 + -1)?
55
366 - 406 - (-17 + 5)
-28
What is 67 + -54 - (-9 + (-1 - -2) - (-7 - 16))?
-2
Evaluate -60 + (3 - 1) + 191 + -161 + -44.
-72
What is -15 - 0 - ((-98 - -43) + 168 + -64)?
-64
Evaluate -7 + -2 - (-9 + 23 + (-6 - -7)).
-24
What is 0 - (22 - 25) - (-4 + 1 - (-58 + 7))?
-45
What is (6 - (-11 - -9) - 9) + (-6 - -5 - -9)?
7
Evaluate 21 + 1 - ((59 - -155) + -160).
-32
What is the value of (-66 - (68 + -196)) + -146?
-84
11 + 81 + -36 + (-11 - -19)
64
-12 - -2 - (-140 - (30 + -8 + 4))
156
(12 - ((4 - -17) + -48)) + 2
41
Evaluate -8 - (4 - (11 - (2 + 2 - -9)) - 52).
38
Evaluate 1 - -26 - -20 - 34.
13
Evaluate (-94 - 1) + (-12684 - -12736).
-43
Evaluate 48 + -3 + 3 - (18 - 43 - -28).
45
Calculate 1 + (-5 - (1 - (-9 - -22))).
8
Evaluate -10 + 2 - ((4 - 1) + (-2129 - -2054)).
64
-48 - (54 + -12 + -52 + (1 - 2 - -23))
-60
What is -13 + 10 - (-1 + 3 + -7 + 0 + 2)?
0
What is the value of 6 - ((4 - -4) + -2 + 7) - (3 + 6)?
-16
Calculate 19 + -4 - -3 - (-4 + 15) - 37.
-30
Evaluate -16 - -36 - (32 - 54).
42
-3918 + 3934 + 8 + (3 + -3 - -2)
26
Calculate -36 - (-4 - (4 + -14)) - (-25 + 35 + -15).
-37
What is 4 + (178 - (-60 + 153))?
89
Evaluate 1 - -17 - (44 - (38 + -53)).
-41
Calculate -19 + 21 + (-16 + 3 + 3 - 0) - -22.
14
18 + -10 - (-4 + (6 + -7 - -1))
12
What is -101 + 100 - ((2 - ((-1 - 1) + 2)) + 52)?
-55
Evaluate 5 - 1 - ((29 - -73 - 49) + -106).
57
What is (58 - 68) + 67 + -66?
-9
Evaluate (-27 - (-19 + 7) - -10) + (-23 - -3).
-25
What is 24 + -1 - (-143 - -168)?
-2
(21 - 10) + (-41 - -93)
63
Calculate (-43 - 4) + (-1 + (6 - 6) + 8 - 12).
-52
Calculate 2 - (-32 + 12 - -37 - -3).
-18
What is the value of (679 - 677) + (-6 - (69 + 5))?
-78
Calculate 9 + 6 + -2 + -22 + 12 - 24.
-21
What is (-21 + -7 + 14 - -27) + -47 + 13?
-21
Evaluate (-16 - 54) + 15 - (-23 + 0).
-32
Evaluate -77 + 90 + -4 + 3.
12
Evaluate -72 + 6 + 46 - 19.
-39
Calculate -6 + (-15 - -37 - -10).
26
What is -76 + 63 + 63 + -30?
20
Evaluate 486 + -529 - (-11 + (0 - -6) + -1).
-37
Calculate -116 - 1 - (-17815 + 17758).
-60
-6 + -13 + (-12 + 8 + 14 - -7)
-2
What is -43 - -24 - (-2 - -4) - -37?
16
Evaluate 74 - (-33 - -25 - -35).
47
Evaluate (-2 - -5) + (-8 - -21) + -53 + 31.
-6
-51 + (2 + -22 - (30 + -58))
-43
What is the value of -2 + (2 - 13) + 1329 + -1347?
-31
Evaluate (-52 - 40) + 226 + -196.
-62
(-23 - -43) + -20 + 29 + 0 + -1
28
Calculate 0 + 12 - ((-36 - -56 - 41) + 0 + 12).
21
17 + (-19 - (45 - 35)) + (2 - 4) + 111
97
Calculate (2 - (-1 + 1)) + (-120 - -64 - -42) - -1.
-11
(-1 - -37) + -116 + 117 - 16
21
8 + -3 - (-1 + 5 + -38)
39
-40 + (-211 + 158 - -18)
-75
What is (-2994 - -3021) + -2 + -3 + -84?
-62
Calculate (-30 + (17 - 4) - -8) + 3 - 12.
-18
15 + (-18 - 117) + -10 + 8 + (2 - 2)
-122
What is the value of (-2 + 3 - -60 - (-29 - -12)) + 15?
93
Evaluate 20 + (5 + 100 - (-6 + 12)) - 4.
115
Evaluate (9 - (113 + -117)) + -2 + 1 + -14.
-2
(26 - 43) + (-37 - (-24 + -37))
7
What is (164 - (142 - 86)) + 0 + -1 + -4?
103
Evaluate -22 + 44 + -22 + 4 + 42.
46
What is -3 + 17 + -2 - (-1 - (-6 - -12))?
19
(10 - 23 - -7) + 25 + 2 + (15 - 7)
29
What is the value of -32 + -1 + 23 + (15 - (1 - 6))?
10
What is -114 - (83 + -168) - (9 + -1)?
-37
What is (1 - 2) + 16 + (14 - (6 + (4 - 5)))?
24
Calculate -1 - (-2 + 7) - (775 - 776).
-5
What is 31 - (-4 + (-5 - -20) + 7) - (0 + -9)?
22
21 + -18 + (-27 - -24) + 5
5
What is the value of 8 + (-9 - (0 + -3)) - (-5 - 5) - 7?
5
Calculate 51 + (-104 + 96 - (0 - -13)).
30
Evaluate -27 - 8 - (114 - 124).
-25
-30 + 41 + (-15 - 6) - -99 - (8 - -1)
80
Evaluate (1 - 20) + (22591 - 22532).
40
63 + -17 + -6 + -46
-6
What is the value of -23 - ((-270 - -281) + -2 + 13)?
-45
What is 40 + (946 + -1038 - (2 + 14))?
-68
-20 + (58 - 40) + -1
-3
What is 12 + -14 - -20 - (-15 + -8 - -105)?
-64
Calculate 118 + -13 + (-259 - -253).
99
Calculate 33 + (-12 - 10) + (-74 + -7 - 0).
-70
Evaluate 140 + -35 - 87 - (-1 - 59) - (6 + 6).
66
(12 - (62 - 19)) + (6 - (1 + -9))
-17
Calculate 14 - (33 - (13 - (-36 + 33))).
-3
Calculate (5 - 2 - -6 - (103 - 85)) + 22.
13
What is -1 + (46 - -10) + (3 - (-4 - -5)) - 5?
52
What is the value of (-8 + (-5 - -3) - 3) + (-802 - -833)?
18
Evaluate -9 - ((-24 - (39 + -68)) + (-94 - -6)).
74
What is (37 - (62 + -26)) + (-2 - (-1 + 4))?
-4
Evaluate (2 - -2) + 5 + 2 + -35 - (-4 + -7).
-13
Calculate 16 + 38 + 37 - 82.
9
What is (7 - 7 - 5 - 9) + -26 + 41 + -34?
-33
Calculate 10 - (-52 + 3 + (-8 - (10 - 21))) - 0.
56
What is the value of -6 + 7 + 1 + -1 + 28?
29
(-73 - -3) + (-2 - -1) - (19062 - 19050)
-83
What is the value of -9 + -10 + -3 + -24 - 1?
-47
Calculate -30 + 22 + -105 - ((14 - -5) + -14).
-118
What is 63 - 63 - (4 - (-3 - -35 - 3))?
25
What is the value of -18 + -15 - (-2 - 10 - -3 - -12)?
-36
Evaluate -71 - 6 - ((2 - 17) + 38 + -26).
-74
What is (5 - (-5 - 27) - (34 - 20)) + -156?
-133
Evaluate -18 - ((-2 + 8 - -4) + -93 + -16).
81
8 + -19 - -21 - (60 - 5)
-45
Calculate -28 + (74 - (-36 - (14 + -34))).
62
What is 90 + (-6 - -4) + (-25 + 38 - 29)?
72
Evaluate (-1 - 40) + (54 - 29 - (0 + 19)).
-35
Evaluate 6 - (1 - (-24 + -9)).
-28
Evaluate -14 + 1 + (11758 - 11818).
-73
What is the value of 56 + -2 - (12 + 26 + (-29 - -11) + -15)?
49
What is the value of -11 - (17 + 9 + -4 + -41 + 15)?
-7
-22 + (5 + -1 - (4 - 14)) + -8
-16
10040 - 10096 - (-1 + -25)
-30
-6 + -4 + 3 + (-40 - -54)
7
Calculate 46 - 35 - (-2 + -14 + 7 + 12).
8
What is 0 - (-28 + 19 - -34)?
-25
What is the value of 40 - (-4867 + 4860 - (-6 - 1 - -1))?
41
Evaluate 38 + (-9 - 7) + -60 + -1.
-39
What is 13 + (-31 - 6) + 42 - 107?
-89
What is (2 - -2) + (4 - -5) + (-189 - -193)?
17
Evaluate (-167 - -45) + 117 + 18 + (0 - 0).
13
What is the value of -7 + (24 - 1) + (-33 - (-59 + 28))?
14
Evaluate 130 + (38 - (75 - 29)) - 39.
83
Evaluate (-1 - -3 - (11 + 15 - -20)) + (-10 - -18).
-36
86 + -2 + 1 - (-84 + (-16 - -76 - -23))
86
Evaluate -14 + (26 - 19) + -16 + 41.
18
What is the value of (-16 - -25 - (-9 - -6) - 26) + 63?
49
Calculate -48 + 10 + -9 + (5 - 4).
-46
(-3 + -2 - -16) + (-39 - -53)
25
What is 131 + 26 - 149 - (-1 - 1 - -22)?
-12
0 + -25 - (47 + -187 + 161)
-46
-1 - (35 - (46 + -8))
2
What is (-1 + 7 + 0 - 3) + -35 + 32 + 28?
28
What is (-5 - (-12 + 121)) + (-145 - -164)?
-95
Calculate 93 + -116 - (-14 + 11 + 12).
-32
(1 - -1 - 5) + 55 + (171 - 154)
69
What is the value of -4 + (126 - 45) - -1?
78
What is (-22 - -3) + 110 + -52?
39
What is ((1 - -5) + -3 - 8) + (946 - 855)?
86
Calculate 14 + (0 - 0 - -5 - (-901 + 910)) + 81.
91
What is the value of (-29 - -36 - (12 + -6 + 19)) + -48?
-66
1640 + -1668 + (-1 - -10)
-19
What is the value of 6 + -6 + (-25 - 8) + 35?
2
What is -373 - -328 - (-87 - -1)?
41
46 + 114 + -122 + -98
-60
-5 - 1 - (19 - (-46 - -60) - (2 - -43))
34
What is (-23 + 74 - 34) + (-2 - 33) - -5?
-13
What is (-3 - (16 - (17 - 32))) + 57?
23
What is 7 + (-31 - (9 - ((-8 - -23) + 1))) + -9?
-26
What is the value of 12 + (-8 - -2 - 7 - (90 + -99) - -83)?
91
What is 283 + -282 + (-1 - (-4 - (2 + -81)))?
-75
-11 + 9 + 7 + -101 - (-4 - -2 - 2)
-92
Evaluate -49 - (80 - (-82 - -221)).
10
(20 - 16) + (5 - (24 + -2))
-13
Evaluate 32 + 17 + -57 - 43.
-51
Evaluate (-1 - -1 - 17) + 25017 + -25022.
-22
What is -17 + -57 + (-38 - -35)?
-77
What is 2 - (-13 + (-2 - (2 - 10)) + 10)?
-1
Calculate -16 + (5